8 = 0. Suppose 5*s = -5*i + 295, i - s = -3*i + o. What are the prime factors of i?
2, 29
Let n(b) = b**3 - b**2 + 4. Let p be n(0). Suppose -4*h + 0*h = 3*q - 309, 2*h - 402 = -p*q. Suppose -2*i = i - q. List the prime factors of i.
3, 11
Let m = 15 - 11. Suppose -m*u = u - 55. What are the prime factors of u?
11
Let g(u) = 2*u + 4. Let n be g(2). Let o(t) = 2*t - 11. Let q be o(n). Let a = q + 4. List the prime factors of a.
3
Suppose 0 = 2*x - 3*r + 2*r + 51, 0 = 2*r - 2. Suppose 9*k = 4*k + 145. Let n = x + k. What are the prime factors of n?
2
Let l = -8 + 19. Suppose 0 = l*x - 13*x + 98. List the prime factors of x.
7
Let u(r) be the third derivative of 0 - 1/60*r**5 + 0*r + 1/6*r**4 - 2*r**2 + 1/6*r**3. What are the prime factors of u(3)?
2
Suppose -2*f - 248 = -3*n, -4*n - 406 = -f + 4*f. Let x = f + 62. What are the prime factors of -4 + x/(-8 + 4)?
13
Suppose -4*l + 0*s = 5*s - 177, -l + 3*s + 57 = 0. Suppose 0 = -2*d + 338 - l. What are the prime factors of d?
5, 29
Let l(q) = -q**2 - q + 5. Let o be l(0). Suppose 2*r + 5 = -o, 0 = 5*t - r - 15. Suppose -5*f + 66 = 3*v, t*f = 4 + 2. List the prime factors of v.
17
Suppose 0*i - 4 = i, 0 = 5*u - 2*i + 12. What are the prime factors of -1 + (-19 - 1)*u - 1?
2, 3, 13
Let u = -3192 - -5437. List the prime factors of u.
5, 449
What are the prime factors of ((-42)/(-24))/(4/288)?
2, 3, 7
Let m = 167 - 113. Let s = 195 + -195. Suppose m = p - s*p. What are the prime factors of p?
2, 3
What are the prime factors of (-4842)/(-9) - (0 - -3)?
5, 107
Let q(g) = -2*g**3 - 17*g**2 - 2*g - 23. What are the prime factors of q(-14)?
2161
Let y = -15 + 0. Let s = y - -62. List the prime factors of s.
47
Suppose -50*d + 6318 = -37*d. What are the prime factors of d?
2, 3
Suppose 18815 + 17245 = 10*m. What are the prime factors of m?
2, 3, 601
Suppose 12806 + 3346 = 4*a. What are the prime factors of a?
2, 3, 673
Let o(d) = d**2 + 18*d - 4. Let x be (-121)/6 - (-4)/24. Let z be o(x). List the prime factors of (-2)/4 - (-846)/z.
23
Let w(f) = f**3 - 15*f**2 + f - 1. Let a(l) = l + 8. Let q be a(7). Let o be w(q). Let j = 38 - o. What are the prime factors of j?
2, 3
Let o(g) = g**3 - g**2 - 2*g + 251. Let h(d) = -d**2 + 11*d - 28. Let l be h(7). What are the prime factors of o(l)?
251
Suppose -3*o + 8556 = -5*v, 2378 = o + 3*v - 460. List the prime factors of o.
3, 13, 73
Suppose -5*j - 32 = -u, 5*j - 2*u + 38 = 2*u. Let i(r) = r**3 + 9*r**2 + 11*r - 7. List the prime factors of i(j).
5, 7
What are the prime factors of -6 - (-215 + 6 + 0)?
7, 29
Suppose 0*t - 32 = -4*t. Suppose -m = -t - 5. List the prime factors of m.
13
Let h(f) = -f**3 - f**2 + 3*f + 4. Let i be h(-3). Let q = i + -11. Suppose -q*y - y = x - 30, -3*y + 2*x + 39 = 0. List the prime factors of y.
11
Suppose -15*x = -5*x + 420. What are the prime factors of x*3*(-10)/35?
2, 3
Suppose -2*c + 3010 = 5*q + 716, 4*q = 5*c + 1822. What are the prime factors of q?
2, 229
Suppose 0 = -d, 1425 = 2*x + x - d. List the prime factors of x.
5, 19
Let q be 6/8*(149 - 1). Let p be q/(4/4) - 1. Suppose 5*r + 3*o = 118, -r + 5*o - p = -6*r. What are the prime factors of r?
2, 13
Let l = 16 + -2. Let a be l/4*8/14. Suppose -5*z = 5*t - 45, -54 = -2*z - a*z + 2*t. List the prime factors of z.
2, 3
Suppose 0 = -740*j + 746*j - 4254. List the prime factors of j.
709
Let r(m) = -2*m. Let b be r(-1). Suppose -41 = -2*n + x - b*x, n - 13 = 2*x. List the prime factors of n.
19
Let x = 899 + -343. List the prime factors of x.
2, 139
Let f(q) = 1062*q + 448. List the prime factors of f(4).
2, 587
Let j(s) = -2*s + 34. Suppose -r = 5*k + 6, -4*r - k + 17 + 35 = 0. Let b be j(r). Suppose -b*g + 39 = -5*g. What are the prime factors of g?
3, 13
Let w(p) = -5*p - 20. Let g be w(-4). Suppose 0*z - 8*z + 1064 = g. List the prime factors of z.
7, 19
Suppose 0 = 2*v - 2*y + 4, -5*y + 2 = -v - 8. Let d(l) = -l**3 + l**2 - l + 149. List the prime factors of d(v).
149
Let z = -297 + 2220. List the prime factors of z.
3, 641
Let s = -20 - -22. Suppose -10 = 2*y, s*y = -k - k - 4. Suppose 4*v - 8 = 0, -17 - k = -j + 2*v. What are the prime factors of j?
2, 3
Let o = -92 + 95. Suppose -x = -n + 111, 4*n + 2*x = -o*x + 399. What are the prime factors of n?
2, 53
Let l be 6 + -11 - (-3 + -4). Let b = -10 + 22. Let k = b + l. What are the prime factors of k?
2, 7
Let l be -1 + 1 - (-1)/((-3)/(-6)). Suppose -801 = -l*s - 7*s. What are the prime factors of s?
89
Let n be (-43)/(-9) - 16/(-72). Suppose n*m = 4*m - 2. List the prime factors of (-8 - m)/(3/(-22)).
2, 11
What are the prime factors of (-116490)/(-231) + (-2)/7?
2, 3, 7
Suppose 3014*j = 3023*j - 28800. List the prime factors of j.
2, 5
Let s = 222 - -205. What are the prime factors of s?
7, 61
Suppose -4*s + 7*x + 18881 = 6*x, -3*s = -4*x - 14164. List the prime factors of s.
2, 5, 59
Let u(p) = p**3 + 35*p**2 + 46*p - 17. What are the prime factors of u(-33)?
643
List the prime factors of 41 + -38 + 0 + 1 + 322.
2, 163
Suppose -3 = -b + 29. Let q = 27 - 44. Let m = b - q. List the prime factors of m.
7
Let p be 1/((-1)/(-49) - 0). Suppose n = 122 - p. List the prime factors of n.
73
Let t be 1/4*0 - -2. Suppose 15 - 1 = a + 2*c, 5*a + t*c = 30. Suppose -a*x + 72 = -72. List the prime factors of x.
2, 3
What are the prime factors of (-13 + -200 - 13)/((-1)/4)?
2, 113
Let r(h) = 5*h**2 - 14*h + 25. What are the prime factors of r(7)?
2, 43
Let g(d) be the second derivative of -d**3/3 - 7*d**2/2 - 5*d. What are the prime factors of g(-17)?
3
Let k(c) = 3*c. Let m be k(3). Suppose 2 = d - m. Let f(g) = -g + 23. What are the prime factors of f(d)?
2, 3
Let q = 55 + -26. Let y = q - 13. Let o = y - -11. List the prime factors of o.
3
List the prime factors of (-520)/(-30)*99/6.
2, 11, 13
Suppose 31*n - 18*n - 3302 = 0. List the prime factors of n.
2, 127
Suppose 0 = 5*c - 3014 + 934. List the prime factors of c.
2, 13
Let g(b) = b**3 + 4*b**2. Let p be g(-4). Suppose 3*r - d - d - 12 = 0, 2*r + 4*d + 8 = p. Suppose -7 = -3*c + r*c. List the prime factors of c.
7
List the prime factors of 899 + -14 + 8/(-2).
881
Let o(c) = -c**2 + 7*c - 6. Let n be o(3). Suppose 5*x = 129 + n. What are the prime factors of x?
3
Suppose 0 = -0*q + 2*q. Suppose q = -4*t + 8 - 0. List the prime factors of t.
2
Suppose 3 + 5 = -2*y. Let o be 2/3*(-426)/y. Suppose -t = 3*q - o, -2*t + 116 = 5*q + 2*t. List the prime factors of q.
2, 3
Suppose 4*z - 12 = -m, -2*m = m + 5*z - 15. Suppose -3*a + 150 = -m. List the prime factors of a.
2, 5
Let m be (1 + 115)*(1/(-2) - -1). Let s = m - 5. What are the prime factors of s?
53
Suppose j + v = 464, -j + 96 = -3*v - 348. Suppose -j = -4*n - 39. What are the prime factors of n?
3, 5, 7
Suppose -5*l + 80 = -0*l. Let r = l + -27. Let w = r + 51. List the prime factors of w.
2, 5
Suppose -5*k = -4*m + 2*m + 257, 4*m + 5*k - 589 = 0. List the prime factors of m.
3, 47
Let i(b) = -b**3 + 3*b**2 + 9*b + 10. Let v be i(5). Suppose k + 3*m - 8*m - 179 = 0, 761 = 4*k - v*m. List the prime factors of k.
2, 97
Let i = 1105 + 81. What are the prime factors of i?
2, 593
Suppose -12*h = 2 - 26. Suppose -5*s + h*v + 277 = 0, s + 4*s - 5*v = 265. What are the prime factors of s?
3, 19
Let g(s) = -s**2 - 15*s + 4. Suppose 2*h + 2 = -24. Let u be g(h). Suppose -4*a + u = -2*a. What are the prime factors of a?
3, 5
Let y(d) = 5*d**2 + 2*d + 2. Let w(k) = -8*k - 4. Let b be w(3). Let o = b - -31. What are the prime factors of y(o)?
53
Let s = 76 - -78. Suppose y - 4*u = s, -11*y - 748 = -16*y - 2*u. What are the prime factors of y?
2, 3, 5
Let a be 46/8 + 3/12 + -3. What are the prime factors of 1/(a/588) - -5?
3, 67
Suppose -3*n = 2*n + 15. Let x be 0 - (n + 5)*-2. What are the prime factors of (-12)/(-9)*6/x?
2
Let k(j) = 4*j + 7*j**2 + 0*j**2 - 2*j. Let p(l) = -5*l + 13. Let t be p(2). What are the prime factors of k(t)?
3, 23
Let x be (-3096)/(-60) - (-4)/10. Let h = x + 34. List the prime factors of h.
2, 43
Let v be 0 + 2/(6/9). Suppose 0*t = -v*t - 15. List the prime factors of -7*1*(t + 4).
7
Let r = -8723 - -12306. List the prime factors of r.
3583
List the prime factors of (30/(-75) + (-21667)/(-5))/1.
7, 619
Let m = 51 + -47. Suppose 4*k + m*f - 132 = 0, 4*k + f - 2*f = 132. List the prime factors of k.
3, 11
Le